CRAN Package Check Results for Package DHS.rates

Last updated on 2023-03-28 04:52:54 CEST.

Flavor Version Tinstall Tcheck Ttotal Status Flags
r-devel-linux-x86_64-debian-clang 0.9.1 9.25 94.68 103.93 OK
r-devel-linux-x86_64-debian-gcc 0.9.1 8.15 70.27 78.42 OK
r-devel-linux-x86_64-fedora-clang 0.9.1 124.44 NOTE
r-devel-linux-x86_64-fedora-gcc 0.9.1 132.06 NOTE
r-devel-windows-x86_64 0.9.1 27.00 122.00 149.00 OK
r-patched-linux-x86_64 0.9.1 7.08 89.83 96.91 OK
r-release-linux-x86_64 0.9.1 5.96 89.91 95.87 OK
r-release-macos-arm64 0.9.1 38.00 NOTE
r-release-macos-x86_64 0.9.1 63.00 NOTE
r-release-windows-x86_64 0.9.1 28.00 121.00 149.00 OK
r-oldrel-macos-arm64 0.9.1 35.00 NOTE
r-oldrel-macos-x86_64 0.9.1 51.00 NOTE
r-oldrel-windows-ix86+x86_64 0.9.1 19.00 115.00 134.00 OK

Check Details

Version: 0.9.1
Check: dependencies in R code
Result: NOTE
    Namespace in Imports field not imported from: ‘rlang’
     All declared Imports should be used.
Flavors: r-devel-linux-x86_64-fedora-clang, r-devel-linux-x86_64-fedora-gcc, r-release-macos-arm64, r-release-macos-x86_64, r-oldrel-macos-arm64, r-oldrel-macos-x86_64