Last updated on 2023-03-25 04:54:37 CET.
Flavor | Version | Tinstall | Tcheck | Ttotal | Status | Flags |
---|---|---|---|---|---|---|
r-devel-linux-x86_64-debian-clang | 1.7.3 | 23.26 | 73.26 | 96.52 | NOTE | |
r-devel-linux-x86_64-debian-gcc | 1.7.3 | 17.18 | 55.80 | 72.98 | NOTE | |
r-devel-linux-x86_64-fedora-clang | 1.7.3 | 125.18 | NOTE | |||
r-devel-linux-x86_64-fedora-gcc | 1.7.3 | 139.46 | NOTE | |||
r-devel-windows-x86_64 | 1.7.3 | 66.00 | 112.00 | 178.00 | NOTE | |
r-patched-linux-x86_64 | 1.7.3 | 32.18 | 66.72 | 98.90 | NOTE | |
r-release-linux-x86_64 | 1.7.3 | 16.04 | 68.00 | 84.04 | NOTE | |
r-release-macos-arm64 | 1.7.3 | 37.00 | NOTE | |||
r-release-macos-x86_64 | 1.7.3 | 50.00 | NOTE | |||
r-release-windows-x86_64 | 1.7.3 | 53.00 | 107.00 | 160.00 | NOTE | |
r-oldrel-macos-arm64 | 1.7.3 | 38.00 | NOTE | |||
r-oldrel-macos-x86_64 | 1.7.3 | 51.00 | NOTE | |||
r-oldrel-windows-ix86+x86_64 | 1.7.3 | 41.00 | 97.00 | 138.00 | NOTE |
Version: 1.7.3
Check: package dependencies
Result: NOTE
Package suggested but not available for checking: ‘dblog’
Flavors: r-devel-linux-x86_64-debian-clang, r-devel-linux-x86_64-debian-gcc, r-devel-linux-x86_64-fedora-clang, r-devel-linux-x86_64-fedora-gcc, r-devel-windows-x86_64, r-patched-linux-x86_64, r-release-linux-x86_64, r-release-macos-arm64, r-release-macos-x86_64, r-release-windows-x86_64, r-oldrel-macos-arm64, r-oldrel-macos-x86_64, r-oldrel-windows-ix86+x86_64