Last updated on 2023-03-31 04:51:44 CEST.
Flavor | Version | Tinstall | Tcheck | Ttotal | Status | Flags |
---|---|---|---|---|---|---|
r-devel-linux-x86_64-debian-clang | 1.2.0 | 19.07 | 182.92 | 201.99 | OK | |
r-devel-linux-x86_64-debian-gcc | 1.2.0 | 17.01 | 135.61 | 152.62 | OK | |
r-devel-linux-x86_64-fedora-clang | 1.2.0 | 249.88 | NOTE | |||
r-devel-linux-x86_64-fedora-gcc | 1.2.0 | 253.49 | OK | |||
r-devel-windows-x86_64 | 1.2.0 | 26.00 | 206.00 | 232.00 | NOTE | |
r-patched-linux-x86_64 | 1.2.0 | 19.40 | 171.90 | 191.30 | OK | |
r-release-linux-x86_64 | 1.2.0 | 16.64 | 174.89 | 191.53 | OK | |
r-release-macos-arm64 | 1.2.0 | 69.00 | NOTE | |||
r-release-macos-x86_64 | 1.2.0 | 117.00 | NOTE | |||
r-release-windows-x86_64 | 1.2.0 | 29.00 | 218.00 | 247.00 | NOTE | |
r-oldrel-macos-arm64 | 1.2.0 | 383.00 | NOTE | |||
r-oldrel-macos-x86_64 | 1.2.0 | 104.00 | NOTE | |||
r-oldrel-windows-ix86+x86_64 | 1.2.0 | 45.00 | 208.00 | 253.00 | NOTE |
Version: 1.2.0
Check: installed package size
Result: NOTE
installed size is 5.1Mb
sub-directories of 1Mb or more:
doc 4.4Mb
Flavors: r-devel-linux-x86_64-fedora-clang, r-devel-windows-x86_64, r-release-macos-arm64, r-release-macos-x86_64, r-release-windows-x86_64, r-oldrel-macos-arm64, r-oldrel-macos-x86_64, r-oldrel-windows-ix86+x86_64