Last updated on 2023-03-31 04:51:43 CEST.
Flavor | Version | Tinstall | Tcheck | Ttotal | Status | Flags |
---|---|---|---|---|---|---|
r-devel-linux-x86_64-debian-clang | 0.6.2 | 1.04 | 2.05 | 3.09 | ERROR | |
r-devel-linux-x86_64-debian-gcc | 0.6.2 | 36.89 | 194.33 | 231.22 | OK | |
r-devel-linux-x86_64-fedora-clang | 0.6.2 | 416.09 | NOTE | |||
r-devel-linux-x86_64-fedora-gcc | 0.6.2 | 401.97 | NOTE | |||
r-devel-windows-x86_64 | 0.6.2 | 215.00 | 319.00 | 534.00 | OK | |
r-patched-linux-x86_64 | 0.6.2 | 49.83 | 244.99 | 294.82 | OK | |
r-release-linux-x86_64 | 0.6.2 | 39.27 | 272.20 | 311.47 | OK | |
r-release-macos-arm64 | 0.6.2 | 84.00 | NOTE | |||
r-release-macos-x86_64 | 0.6.2 | 147.00 | NOTE | |||
r-release-windows-x86_64 | 0.6.2 | 174.00 | 324.00 | 498.00 | OK | |
r-oldrel-macos-arm64 | 0.6.2 | 112.00 | NOTE | |||
r-oldrel-macos-x86_64 | 0.6.2 | 146.00 | NOTE | |||
r-oldrel-windows-ix86+x86_64 | 0.6.2 | 92.00 | 303.00 | 395.00 | NOTE |
Version: 0.6.2
Check: package dependencies
Result: ERROR
Package required but not available: ‘ctsem’
See section ‘The DESCRIPTION file’ in the ‘Writing R Extensions’
manual.
Flavor: r-devel-linux-x86_64-debian-clang
Version: 0.6.2
Check: data for non-ASCII characters
Result: NOTE
Note: found 59 marked UTF-8 strings
Flavors: r-devel-linux-x86_64-fedora-clang, r-devel-linux-x86_64-fedora-gcc, r-release-macos-arm64, r-release-macos-x86_64, r-oldrel-macos-arm64, r-oldrel-macos-x86_64
Version: 0.6.2
Check: installed package size
Result: NOTE
installed size is 5.2Mb
sub-directories of 1Mb or more:
data 3.9Mb
Flavors: r-release-macos-arm64, r-oldrel-macos-arm64
Version: 0.6.2
Check: R code for possible problems
Result: NOTE
Initiating curl with CURL_SSL_BACKEND: openssl
Flavor: r-oldrel-windows-ix86+x86_64