CRAN Package Check Results for Package Certara.R

Last updated on 2023-03-22 04:52:40 CET.

Flavor Version Tinstall Tcheck Ttotal Status Flags
r-devel-linux-x86_64-debian-clang 1.0.0 2.55 20.82 23.37 OK
r-devel-linux-x86_64-debian-gcc 1.0.0 1.60 16.61 18.21 OK
r-devel-linux-x86_64-fedora-clang 1.0.0 30.92 NOTE
r-devel-linux-x86_64-fedora-gcc 1.0.0 27.84 NOTE
r-devel-windows-x86_64 1.0.0 10.00 48.00 58.00 OK
r-patched-linux-x86_64 1.0.0 2.11 21.90 24.01 OK
r-release-linux-x86_64 1.0.0 2.21 22.42 24.63 OK
r-release-macos-arm64 1.0.0 15.00 NOTE
r-release-macos-x86_64 1.0.0 22.00 NOTE
r-release-windows-x86_64 1.0.0 31.00 48.00 79.00 OK
r-oldrel-macos-arm64 1.0.0 14.00 NOTE
r-oldrel-macos-x86_64 1.0.0 19.00 NOTE
r-oldrel-windows-ix86+x86_64 1.0.0 9.00 52.00 61.00 OK

Check Details

Version: 1.0.0
Check: dependencies in R code
Result: NOTE
    Namespaces in Imports field not imported from:
     ‘DT’ ‘batchtools’ ‘data.table’ ‘dplyr’ ‘ggplot2’ ‘htmltools’
     ‘jsonlite’ ‘magrittr’ ‘methods’ ‘plotly’ ‘reshape’ ‘rlang’ ‘shiny’
     ‘shinyWidgets’ ‘shinyjqui’ ‘shinyjs’ ‘shinymaterial’ ‘sortable’ ‘ssh’
     ‘xml2’
     All declared Imports should be used.
Flavors: r-devel-linux-x86_64-fedora-clang, r-devel-linux-x86_64-fedora-gcc, r-release-macos-arm64, r-release-macos-x86_64, r-oldrel-macos-arm64, r-oldrel-macos-x86_64