Last updated on 2023-02-08 04:51:53 CET.
Flavor | Version | Tinstall | Tcheck | Ttotal | Status | Flags |
---|---|---|---|---|---|---|
r-devel-linux-x86_64-debian-clang | 3.6 | 49.47 | 393.47 | 442.94 | OK | |
r-devel-linux-x86_64-debian-gcc | 3.6 | 39.20 | 284.33 | 323.53 | OK | |
r-devel-linux-x86_64-fedora-clang | 3.6 | 541.27 | NOTE | |||
r-devel-linux-x86_64-fedora-gcc | 3.6 | 558.47 | NOTE | |||
r-devel-windows-x86_64 | 3.6 | 53.00 | 372.00 | 425.00 | OK | |
r-patched-linux-x86_64 | 3.6 | 66.98 | 455.12 | 522.10 | OK | |
r-release-linux-x86_64 | 3.6 | 63.91 | 456.62 | 520.53 | OK | |
r-release-macos-arm64 | 3.6 | 263.00 | OK | |||
r-release-macos-x86_64 | 3.6 | 517.00 | OK | |||
r-release-windows-x86_64 | 3.6 | 55.00 | 392.00 | 447.00 | OK | |
r-oldrel-macos-arm64 | 3.6 | 162.00 | OK | |||
r-oldrel-macos-x86_64 | 3.6 | 262.00 | OK | |||
r-oldrel-windows-ix86+x86_64 | 3.6 | 78.00 | 335.00 | 413.00 | OK |
Version: 3.6
Check: dependencies in R code
Result: NOTE
Namespace in Imports field not imported from: ‘Rcpp’
All declared Imports should be used.
Flavors: r-devel-linux-x86_64-fedora-clang, r-devel-linux-x86_64-fedora-gcc