CRAN Package Check Results for Package CausalQueries

Last updated on 2023-03-22 04:52:40 CET.

Flavor Version Tinstall Tcheck Ttotal Status Flags
r-devel-linux-x86_64-debian-clang 0.1.0 147.11 163.27 310.38 NOTE
r-devel-linux-x86_64-debian-gcc 0.1.0 127.88 128.04 255.92 NOTE
r-devel-linux-x86_64-fedora-clang 0.1.0 402.53 NOTE
r-devel-linux-x86_64-fedora-gcc 0.1.0 418.90 NOTE
r-devel-windows-x86_64 0.1.0 197.00 252.00 449.00 NOTE
r-patched-linux-x86_64 0.1.0 148.79 159.67 308.46 NOTE
r-release-linux-x86_64 0.1.0 118.18 152.36 270.54 NOTE
r-release-macos-arm64 0.1.0 123.00 NOTE
r-release-macos-x86_64 0.1.0 150.00 NOTE
r-release-windows-x86_64 0.1.0 198.00 236.00 434.00 NOTE
r-oldrel-macos-arm64 0.1.0 114.00 NOTE
r-oldrel-macos-x86_64 0.1.0 149.00 NOTE
r-oldrel-windows-ix86+x86_64 0.1.0 334.00 323.00 657.00 NOTE

Check Details

Version: 0.1.0
Check: for GNU extensions in Makefiles
Result: NOTE
    GNU make is a SystemRequirements.
Flavors: r-devel-linux-x86_64-debian-clang, r-devel-linux-x86_64-debian-gcc, r-devel-linux-x86_64-fedora-clang, r-devel-linux-x86_64-fedora-gcc, r-devel-windows-x86_64, r-patched-linux-x86_64, r-release-linux-x86_64, r-release-macos-arm64, r-release-macos-x86_64, r-release-windows-x86_64, r-oldrel-macos-arm64, r-oldrel-macos-x86_64, r-oldrel-windows-ix86+x86_64

Version: 0.1.0
Check: installed package size
Result: NOTE
     installed size is 38.0Mb
     sub-directories of 1Mb or more:
     libs 37.4Mb
Flavors: r-release-macos-arm64, r-release-macos-x86_64, r-oldrel-macos-arm64, r-oldrel-macos-x86_64

Version: 0.1.0
Check: R code for possible problems
Result: NOTE
    Initiating curl with CURL_SSL_BACKEND: openssl
Flavor: r-oldrel-windows-ix86+x86_64