Last updated on 2023-04-01 04:56:13 CEST.
Flavor | Version | Tinstall | Tcheck | Ttotal | Status | Flags |
---|---|---|---|---|---|---|
r-devel-linux-x86_64-debian-clang | 1.3.0 | 8.75 | 115.65 | 124.40 | NOTE | |
r-devel-linux-x86_64-debian-gcc | 1.3.0 | 9.80 | 85.80 | 95.60 | NOTE | |
r-devel-linux-x86_64-fedora-clang | 1.3.0 | 155.65 | NOTE | |||
r-devel-linux-x86_64-fedora-gcc | 1.3.0 | 150.19 | NOTE | |||
r-devel-windows-x86_64 | 1.3.0 | 33.00 | 0.00 | 33.00 | NOTE | |
r-patched-linux-x86_64 | 1.3.0 | 10.45 | 109.27 | 119.72 | NOTE | |
r-release-linux-x86_64 | 1.3.0 | 9.20 | 109.69 | 118.89 | NOTE | |
r-release-macos-arm64 | 1.3.0 | 49.00 | NOTE | |||
r-release-macos-x86_64 | 1.3.0 | 62.00 | NOTE | |||
r-release-windows-x86_64 | 1.3.0 | 47.00 | 154.00 | 201.00 | NOTE | |
r-oldrel-macos-arm64 | 1.3.0 | 46.00 | NOTE | |||
r-oldrel-macos-x86_64 | 1.3.0 | 74.00 | NOTE | |||
r-oldrel-windows-ix86+x86_64 | 1.3.0 | 22.00 | 133.00 | 155.00 | NOTE |
Version: 1.3.0
Check: package dependencies
Result: NOTE
Package suggested but not available for checking: ‘ReGenesees’
Flavors: r-devel-linux-x86_64-debian-clang, r-devel-linux-x86_64-debian-gcc, r-devel-linux-x86_64-fedora-clang, r-devel-linux-x86_64-fedora-gcc, r-devel-windows-x86_64, r-patched-linux-x86_64, r-release-linux-x86_64, r-release-macos-arm64, r-release-macos-x86_64, r-release-windows-x86_64, r-oldrel-macos-arm64, r-oldrel-macos-x86_64, r-oldrel-windows-ix86+x86_64