CRAN Package Check Results for Package Cairo

Last updated on 2023-03-28 04:52:52 CEST.

Flavor Version Tinstall Tcheck Ttotal Status Flags
r-devel-linux-x86_64-debian-clang 1.6-0 10.02 26.91 36.93 WARN
r-devel-linux-x86_64-debian-gcc 1.6-0 7.20 21.35 28.55 WARN
r-devel-linux-x86_64-fedora-clang 1.6-0 48.87 WARN
r-devel-linux-x86_64-fedora-gcc 1.6-0 47.11 WARN
r-devel-windows-x86_64 1.6-0 41.00 89.00 130.00 NOTE
r-patched-linux-x86_64 1.6-0 8.06 26.42 34.48 WARN
r-release-linux-x86_64 1.6-0 7.46 27.20 34.66 OK
r-release-macos-arm64 1.6-0 40.00 NOTE
r-release-macos-x86_64 1.6-0 59.00 NOTE
r-release-windows-x86_64 1.6-0 76.00 97.00 173.00 NOTE
r-oldrel-macos-arm64 1.6-0 37.00 NOTE
r-oldrel-macos-x86_64 1.6-0 62.00 NOTE
r-oldrel-windows-ix86+x86_64 1.6-0 30.00 74.00 104.00 OK

Check Details

Version: 1.6-0
Check: whether package can be installed
Result: WARN
    Found the following significant warnings:
     cairobem.c:50:28: warning: a function declaration without a prototype is deprecated in all versions of C [-Wstrict-prototypes]
     ./Rapi.h:9:23: warning: a function declaration without a prototype is deprecated in all versions of C [-Wstrict-prototypes]
     ./Rapi.h:11:28: warning: a function declaration without a prototype is deprecated in all versions of C [-Wstrict-prototypes]
     cairotalk.c:661:38: warning: a function declaration without a prototype is deprecated in all versions of C [-Wstrict-prototypes]
     cairotalk.c:1552:38: warning: a function declaration without a prototype is deprecated in all versions of C [-Wstrict-prototypes]
     cairotalk.c:1588:23: warning: a function declaration without a prototype is deprecated in all versions of C [-Wstrict-prototypes]
     xlib-backend.c:156:29: warning: a function declaration without a prototype is deprecated in all versions of C [-Wstrict-prototypes]
    See ‘/home/hornik/tmp/R.check/r-devel-clang/Work/PKGS/Cairo.Rcheck/00install.out’ for details.
    * used C compiler: ‘Debian clang version 15.0.6’
Flavor: r-devel-linux-x86_64-debian-clang

Version: 1.6-0
Check: whether package can be installed
Result: WARN
    Found the following significant warnings:
     cairobem.c:50:6: warning: function declaration isn’t a prototype [-Wstrict-prototypes]
     Rapi.h:9:1: warning: function declaration isn’t a prototype [-Wstrict-prototypes]
     Rapi.h:11:1: warning: function declaration isn’t a prototype [-Wstrict-prototypes]
     cairotalk.c:661:23: warning: function declaration isn’t a prototype [-Wstrict-prototypes]
     cairotalk.c:1552:6: warning: function declaration isn’t a prototype [-Wstrict-prototypes]
     cairotalk.c:1588:6: warning: function declaration isn’t a prototype [-Wstrict-prototypes]
     xlib-backend.c:156:13: warning: function declaration isn’t a prototype [-Wstrict-prototypes]
    See ‘/home/hornik/tmp/R.check/r-devel-gcc/Work/PKGS/Cairo.Rcheck/00install.out’ for details.
    * used C compiler: ‘gcc-12 (Debian 12.2.0-14) 12.2.0’
Flavor: r-devel-linux-x86_64-debian-gcc

Version: 1.6-0
Check: whether package can be installed
Result: WARN
    Found the following significant warnings:
     cairobem.c:50:28: warning: a function declaration without a prototype is deprecated in all versions of C [-Wstrict-prototypes]
     ./Rapi.h:9:23: warning: a function declaration without a prototype is deprecated in all versions of C [-Wstrict-prototypes]
     ./Rapi.h:11:28: warning: a function declaration without a prototype is deprecated in all versions of C [-Wstrict-prototypes]
     cairotalk.c:661:38: warning: a function declaration without a prototype is deprecated in all versions of C [-Wstrict-prototypes]
     cairotalk.c:1552:38: warning: a function declaration without a prototype is deprecated in all versions of C [-Wstrict-prototypes]
     cairotalk.c:1588:23: warning: a function declaration without a prototype is deprecated in all versions of C [-Wstrict-prototypes]
     xlib-backend.c:156:29: warning: a function declaration without a prototype is deprecated in all versions of C [-Wstrict-prototypes]
    See ‘/data/gannet/ripley/R/packages/tests-clang/Cairo.Rcheck/00install.out’ for details.
    * used C compiler: ‘clang version 16.0.0’
Flavor: r-devel-linux-x86_64-fedora-clang

Version: 1.6-0
Check: whether package can be installed
Result: WARN
    Found the following significant warnings:
     cairobem.c:50:6: warning: function declaration isn’t a prototype [-Wstrict-prototypes]
     Rapi.h:9:1: warning: function declaration isn’t a prototype [-Wstrict-prototypes]
     Rapi.h:11:1: warning: function declaration isn’t a prototype [-Wstrict-prototypes]
     cairotalk.c:661:23: warning: function declaration isn’t a prototype [-Wstrict-prototypes]
     cairotalk.c:1552:6: warning: function declaration isn’t a prototype [-Wstrict-prototypes]
     cairotalk.c:1588:6: warning: function declaration isn’t a prototype [-Wstrict-prototypes]
     xlib-backend.c:156:13: warning: function declaration isn’t a prototype [-Wstrict-prototypes]
    See ‘/data/gannet/ripley/R/packages/tests-devel/Cairo.Rcheck/00install.out’ for details.
    * used C compiler: ‘gcc (GCC) 12.2.1 20221121 (Red Hat 12.2.1-4)’
Flavor: r-devel-linux-x86_64-fedora-gcc

Version: 1.6-0
Check: installed package size
Result: NOTE
     installed size is 6.9Mb
     sub-directories of 1Mb or more:
     libs 6.8Mb
Flavors: r-devel-windows-x86_64, r-release-macos-arm64, r-release-macos-x86_64, r-release-windows-x86_64, r-oldrel-macos-arm64, r-oldrel-macos-x86_64

Version: 1.6-0
Check: whether package can be installed
Result: WARN
    Found the following significant warnings:
     cairobem.c:50:6: warning: function declaration isn’t a prototype [-Wstrict-prototypes]
     Rapi.h:9:1: warning: function declaration isn’t a prototype [-Wstrict-prototypes]
     Rapi.h:11:1: warning: function declaration isn’t a prototype [-Wstrict-prototypes]
     cairotalk.c:661:23: warning: function declaration isn’t a prototype [-Wstrict-prototypes]
     cairotalk.c:1552:6: warning: function declaration isn’t a prototype [-Wstrict-prototypes]
     cairotalk.c:1588:6: warning: function declaration isn’t a prototype [-Wstrict-prototypes]
     xlib-backend.c:156:13: warning: function declaration isn’t a prototype [-Wstrict-prototypes]
    See ‘/home/hornik/tmp/R.check/r-patched-gcc/Work/PKGS/Cairo.Rcheck/00install.out’ for details.
    * used C compiler: ‘gcc-11 (Debian 11.3.0-12) 11.3.0’
Flavor: r-patched-linux-x86_64