Last updated on 2023-03-28 04:52:54 CEST.
Flavor | Version | Tinstall | Tcheck | Ttotal | Status | Flags |
---|---|---|---|---|---|---|
r-devel-linux-x86_64-debian-clang | 3.0.1 | 17.81 | 157.37 | 175.18 | OK | |
r-devel-linux-x86_64-debian-gcc | 3.0.1 | 13.56 | 117.98 | 131.54 | OK | |
r-devel-linux-x86_64-fedora-clang | 3.0.1 | 212.39 | NOTE | |||
r-devel-linux-x86_64-fedora-gcc | 3.0.1 | 212.83 | NOTE | |||
r-devel-windows-x86_64 | 3.0.1 | 23.00 | 180.00 | 203.00 | OK | |
r-patched-linux-x86_64 | 3.0.1 | 17.14 | 143.68 | 160.82 | OK | |
r-release-linux-x86_64 | 3.0.1 | 14.30 | 146.87 | 161.17 | OK | |
r-release-macos-arm64 | 3.0.1 | 57.00 | NOTE | |||
r-release-macos-x86_64 | 3.0.1 | 101.00 | NOTE | |||
r-release-windows-x86_64 | 3.0.1 | 64.00 | 181.00 | 245.00 | OK | |
r-oldrel-macos-arm64 | 3.0.1 | 73.00 | NOTE | |||
r-oldrel-macos-x86_64 | 3.0.1 | 100.00 | NOTE | |||
r-oldrel-windows-ix86+x86_64 | 3.0.1 | 36.00 | 174.00 | 210.00 | OK |
Version: 3.0.1
Check: dependencies in R code
Result: NOTE
Namespace in Imports field not imported from: ‘MASS’
All declared Imports should be used.
Flavors: r-devel-linux-x86_64-fedora-clang, r-devel-linux-x86_64-fedora-gcc, r-release-macos-arm64, r-release-macos-x86_64, r-oldrel-macos-arm64, r-oldrel-macos-x86_64