Last updated on 2023-03-31 04:51:42 CEST.
Flavor | Version | Tinstall | Tcheck | Ttotal | Status | Flags |
---|---|---|---|---|---|---|
r-devel-linux-x86_64-debian-clang | 3.0.8 | 17.04 | 131.67 | 148.71 | NOTE | |
r-devel-linux-x86_64-debian-gcc | 3.0.8 | 14.21 | 99.78 | 113.99 | NOTE | |
r-devel-linux-x86_64-fedora-clang | 3.0.8 | 182.77 | NOTE | |||
r-devel-linux-x86_64-fedora-gcc | 3.0.8 | 177.77 | NOTE | |||
r-devel-windows-x86_64 | 3.0.8 | 57.00 | 0.00 | 57.00 | NOTE | |
r-patched-linux-x86_64 | 3.0.8 | 15.62 | 125.07 | 140.69 | NOTE | |
r-release-linux-x86_64 | 3.0.8 | 19.79 | 131.98 | 151.77 | NOTE | |
r-release-macos-arm64 | 3.0.8 | 78.00 | NOTE | |||
r-release-macos-x86_64 | 3.0.8 | 154.00 | NOTE | |||
r-release-windows-x86_64 | 3.0.8 | 57.00 | 163.00 | 220.00 | NOTE | |
r-oldrel-macos-arm64 | 3.0.8 | 121.00 | NOTE | |||
r-oldrel-macos-x86_64 | 3.0.8 | 144.00 | NOTE | |||
r-oldrel-windows-ix86+x86_64 | 3.0.8 | 35.00 | 130.00 | 165.00 | NOTE |
Version: 3.0.8
Check: LazyData
Result: NOTE
'LazyData' is specified without a 'data' directory
Flavors: r-devel-linux-x86_64-debian-clang, r-devel-linux-x86_64-debian-gcc, r-devel-linux-x86_64-fedora-clang, r-devel-linux-x86_64-fedora-gcc, r-devel-windows-x86_64, r-patched-linux-x86_64, r-release-linux-x86_64, r-release-macos-arm64, r-release-macos-x86_64, r-release-windows-x86_64, r-oldrel-macos-arm64, r-oldrel-macos-x86_64, r-oldrel-windows-ix86+x86_64