CRAN Package Check Results for Package BuyseTest

Last updated on 2021-10-11 04:52:37 CEST.

Flavor Version Tinstall Tcheck Ttotal Status Flags
r-devel-linux-x86_64-debian-clang 2.3.0 94.34 247.66 342.00 OK
r-devel-linux-x86_64-debian-gcc 2.3.0 77.74 175.49 253.23 OK
r-devel-linux-x86_64-fedora-clang 2.3.0 434.36 NOTE
r-devel-linux-x86_64-fedora-gcc 2.3.0 428.55 OK
r-devel-windows-x86_64 2.3.0 110.00 115.00 225.00 OK --no-examples --no-tests --no-vignettes
r-devel-windows-x86_64-gcc10-UCRT 2.3.0 OK
r-patched-linux-x86_64 2.3.0 90.23 219.29 309.52 OK
r-patched-solaris-x86 2.3.0 443.90 OK
r-release-linux-x86_64 2.3.0 98.66 221.71 320.37 OK
r-release-macos-arm64 2.3.0 NOTE
r-release-macos-x86_64 2.3.0 NOTE
r-release-windows-ix86+x86_64 2.3.0 231.00 190.00 421.00 OK --no-examples --no-tests --no-vignettes
r-oldrel-macos-x86_64 2.3.0 NOTE
r-oldrel-windows-ix86+x86_64 2.3.0 239.00 190.00 429.00 OK --no-examples --no-tests --no-vignettes

Check Details

Version: 2.3.0
Check: installed package size
Result: NOTE
     installed size is 6.8Mb
     sub-directories of 1Mb or more:
     libs 5.6Mb
Flavors: r-devel-linux-x86_64-fedora-clang, r-release-macos-arm64, r-release-macos-x86_64, r-oldrel-macos-x86_64