Last updated on 2023-03-30 04:55:03 CEST.
Flavor | Version | Tinstall | Tcheck | Ttotal | Status | Flags |
---|---|---|---|---|---|---|
r-devel-linux-x86_64-debian-clang | 0.1.4 | 55.39 | 126.02 | 181.41 | NOTE | |
r-devel-linux-x86_64-debian-gcc | 0.1.4 | 43.41 | 93.21 | 136.62 | NOTE | |
r-devel-linux-x86_64-fedora-clang | 0.1.4 | 250.32 | NOTE | |||
r-devel-linux-x86_64-fedora-gcc | 0.1.4 | 225.74 | NOTE | |||
r-devel-windows-x86_64 | 0.1.4 | 90.00 | 0.00 | 90.00 | NOTE | |
r-patched-linux-x86_64 | 0.1.4 | 49.54 | 117.85 | 167.39 | NOTE | |
r-release-linux-x86_64 | 0.1.4 | 49.19 | 117.95 | 167.14 | OK | |
r-release-macos-arm64 | 0.1.4 | 59.00 | NOTE | |||
r-release-macos-x86_64 | 0.1.4 | 125.00 | NOTE | |||
r-release-windows-x86_64 | 0.1.4 | 94.00 | 172.00 | 266.00 | OK | |
r-oldrel-macos-arm64 | 0.1.4 | 46.00 | NOTE | |||
r-oldrel-macos-x86_64 | 0.1.4 | 79.00 | NOTE | |||
r-oldrel-windows-ix86+x86_64 | 0.1.4 | 136.00 | 196.00 | 332.00 | OK |
Version: 0.1.4
Check: C++ specification
Result: NOTE
Specified C++11: please drop specification unless essential
Flavors: r-devel-linux-x86_64-debian-clang, r-devel-linux-x86_64-debian-gcc, r-devel-linux-x86_64-fedora-clang, r-devel-linux-x86_64-fedora-gcc, r-devel-windows-x86_64, r-patched-linux-x86_64
Version: 0.1.4
Check: dependencies in R code
Result: NOTE
Namespace in Imports field not imported from: ‘Rcpp’
All declared Imports should be used.
Flavors: r-devel-linux-x86_64-fedora-clang, r-devel-linux-x86_64-fedora-gcc, r-release-macos-arm64, r-release-macos-x86_64, r-oldrel-macos-arm64, r-oldrel-macos-x86_64