Last updated on 2023-03-24 04:52:22 CET.
Flavor | Version | Tinstall | Tcheck | Ttotal | Status | Flags |
---|---|---|---|---|---|---|
r-devel-linux-x86_64-debian-clang | 1.0 | 30.05 | 32.53 | 62.58 | OK | |
r-devel-linux-x86_64-debian-gcc | 1.0 | 26.42 | 26.27 | 52.69 | OK | |
r-devel-linux-x86_64-fedora-clang | 1.0 | 92.32 | OK | |||
r-devel-linux-x86_64-fedora-gcc | 1.0 | 89.46 | OK | |||
r-devel-windows-x86_64 | 1.0 | 32.00 | 81.00 | 113.00 | OK | |
r-patched-linux-x86_64 | 1.0 | 30.53 | 33.74 | 64.27 | OK | |
r-release-linux-x86_64 | 1.0 | 22.48 | 33.59 | 56.07 | OK | |
r-release-macos-arm64 | 1.0 | 30.00 | NOTE | |||
r-release-macos-x86_64 | 1.0 | 36.00 | NOTE | |||
r-release-windows-x86_64 | 1.0 | 36.00 | 84.00 | 120.00 | OK | |
r-oldrel-macos-arm64 | 1.0 | 37.00 | NOTE | |||
r-oldrel-macos-x86_64 | 1.0 | 50.00 | NOTE | |||
r-oldrel-windows-ix86+x86_64 | 1.0 | 75.00 | 87.00 | 162.00 | OK |
Version: 1.0
Check: installed package size
Result: NOTE
installed size is 8.1Mb
sub-directories of 1Mb or more:
libs 8.0Mb
Flavors: r-release-macos-arm64, r-release-macos-x86_64, r-oldrel-macos-arm64, r-oldrel-macos-x86_64