Last updated on 2023-03-27 04:53:07 CEST.
Flavor | Version | Tinstall | Tcheck | Ttotal | Status | Flags |
---|---|---|---|---|---|---|
r-devel-linux-x86_64-debian-clang | 0.3.2 | 6.58 | 216.72 | 223.30 | OK | |
r-devel-linux-x86_64-debian-gcc | 0.3.2 | 8.30 | 158.00 | 166.30 | OK | |
r-devel-linux-x86_64-fedora-gcc | 0.3.2 | 301.70 | NOTE | |||
r-devel-windows-x86_64 | 0.3.2 | 18.00 | 283.00 | 301.00 | OK | |
r-patched-linux-x86_64 | 0.3.2 | 6.82 | 207.10 | 213.92 | OK | |
r-release-linux-x86_64 | 0.3.2 | 6.56 | 210.08 | 216.64 | OK | |
r-release-macos-arm64 | 0.3.2 | 104.00 | NOTE | |||
r-release-macos-x86_64 | 0.3.2 | 132.00 | NOTE | |||
r-release-windows-x86_64 | 0.3.2 | 16.00 | 278.00 | 294.00 | OK | |
r-oldrel-macos-arm64 | 0.3.2 | 88.00 | NOTE | |||
r-oldrel-macos-x86_64 | 0.3.2 | 130.00 | NOTE | |||
r-oldrel-windows-ix86+x86_64 | 0.3.2 | 14.00 | 279.00 | 293.00 | OK |
Version: 0.3.2
Check: dependencies in R code
Result: NOTE
Namespaces in Imports field not imported from:
‘HDInterval’ ‘MCMCpack’ ‘R2WinBUGS’ ‘R2jags’ ‘carData’ ‘rjags’
All declared Imports should be used.
Flavors: r-devel-linux-x86_64-fedora-gcc, r-release-macos-arm64, r-release-macos-x86_64, r-oldrel-macos-arm64, r-oldrel-macos-x86_64