Last updated on 2023-03-30 04:55:03 CEST.
Flavor | Version | Tinstall | Tcheck | Ttotal | Status | Flags |
---|---|---|---|---|---|---|
r-devel-linux-x86_64-debian-clang | 2012.04-1 | 1.27 | 24.76 | 26.03 | NOTE | |
r-devel-linux-x86_64-debian-gcc | 2012.04-1 | 1.39 | 20.11 | 21.50 | NOTE | |
r-devel-linux-x86_64-fedora-clang | 2012.04-1 | 37.97 | NOTE | |||
r-devel-linux-x86_64-fedora-gcc | 2012.04-1 | 34.98 | NOTE | |||
r-devel-windows-x86_64 | 2012.04-1 | 15.00 | 0.00 | 15.00 | NOTE | |
r-patched-linux-x86_64 | 2012.04-1 | 1.76 | 24.78 | 26.54 | NOTE | |
r-release-linux-x86_64 | 2012.04-1 | 1.31 | 24.55 | 25.86 | OK | |
r-release-macos-arm64 | 2012.04-1 | 16.00 | OK | |||
r-release-macos-x86_64 | 2012.04-1 | 24.00 | OK | |||
r-release-windows-x86_64 | 2012.04-1 | 3.00 | 60.00 | 63.00 | OK | |
r-oldrel-macos-arm64 | 2012.04-1 | 20.00 | OK | |||
r-oldrel-macos-x86_64 | 2012.04-1 | 28.00 | OK | |||
r-oldrel-windows-ix86+x86_64 | 2012.04-1 | 4.00 | 55.00 | 59.00 | OK |
Version: 2012.04-1
Check: Rd files
Result: NOTE
checkRd: (-1) dilution.Rd:13: Escaped LaTeX specials: \$
checkRd: (-1) dilution.Rd:15: Escaped LaTeX specials: \$
checkRd: (-1) dilution.Rd:16: Escaped LaTeX specials: \$
checkRd: (-1) dilution.Rd:17: Escaped LaTeX specials: \$
checkRd: (-1) personality.Rd:15: Escaped LaTeX specials: \$
checkRd: (-1) personality.Rd:16: Escaped LaTeX specials: \$
checkRd: (-1) personality.Rd:17: Escaped LaTeX specials: \$
Flavors: r-devel-linux-x86_64-debian-clang, r-devel-linux-x86_64-debian-gcc, r-devel-linux-x86_64-fedora-clang, r-devel-linux-x86_64-fedora-gcc, r-devel-windows-x86_64, r-patched-linux-x86_64