Last updated on 2023-02-03 04:50:19 CET.
Flavor | Version | Tinstall | Tcheck | Ttotal | Status | Flags |
---|---|---|---|---|---|---|
r-devel-linux-x86_64-debian-clang | 0.5.0 | 15.41 | 194.60 | 210.01 | OK | |
r-devel-linux-x86_64-debian-gcc | 0.5.0 | 13.18 | 139.14 | 152.32 | OK | |
r-devel-linux-x86_64-fedora-clang | 0.5.0 | 264.04 | NOTE | |||
r-devel-linux-x86_64-fedora-gcc | 0.5.0 | 243.96 | NOTE | |||
r-devel-windows-x86_64 | 0.5.0 | 99.00 | 233.00 | 332.00 | OK | |
r-patched-linux-x86_64 | 0.5.0 | 23.26 | 177.82 | 201.08 | OK | |
r-release-linux-x86_64 | 0.5.0 | 16.59 | 184.52 | 201.11 | OK | |
r-release-macos-arm64 | 0.5.0 | 68.00 | NOTE | |||
r-release-macos-x86_64 | 0.5.0 | 110.00 | NOTE | |||
r-release-windows-x86_64 | 0.5.0 | 38.00 | 228.00 | 266.00 | OK | |
r-oldrel-macos-arm64 | 0.5.0 | 79.00 | NOTE | |||
r-oldrel-macos-x86_64 | 0.5.0 | 131.00 | NOTE | |||
r-oldrel-windows-ix86+x86_64 | 0.5.0 | 34.00 | 217.00 | 251.00 | OK |
Version: 0.5.0
Check: package dependencies
Result: NOTE
Imports includes 25 non-default packages.
Importing from so many packages makes the package vulnerable to any of
them becoming unavailable. Move as many as possible to Suggests and
use conditionally.
Flavor: r-devel-linux-x86_64-fedora-clang
Version: 0.5.0
Check: dependencies in R code
Result: NOTE
Namespaces in Imports field not imported from:
‘circlize’ ‘hexbin’ ‘scales’ ‘sna’
All declared Imports should be used.
Flavors: r-devel-linux-x86_64-fedora-clang, r-devel-linux-x86_64-fedora-gcc, r-release-macos-arm64, r-release-macos-x86_64, r-oldrel-macos-arm64, r-oldrel-macos-x86_64