Last updated on 2023-03-23 04:53:13 CET.
Flavor | Version | Tinstall | Tcheck | Ttotal | Status | Flags |
---|---|---|---|---|---|---|
r-devel-linux-x86_64-debian-clang | 3.4-15 | 168.13 | 108.81 | 276.94 | OK | |
r-devel-linux-x86_64-debian-gcc | 3.4-15 | 128.98 | 79.63 | 208.61 | OK | |
r-devel-linux-x86_64-fedora-clang | 3.4-15 | 416.83 | OK | |||
r-devel-linux-x86_64-fedora-gcc | 3.4-15 | 374.96 | OK | |||
r-devel-windows-x86_64 | 3.4-15 | 188.00 | 160.00 | 348.00 | OK | |
r-patched-linux-x86_64 | 3.4-15 | 144.21 | 97.46 | 241.67 | OK | |
r-release-linux-x86_64 | 3.4-15 | 112.65 | 97.05 | 209.70 | OK | |
r-release-macos-arm64 | 3.4-15 | 89.00 | NOTE | |||
r-release-macos-x86_64 | 3.4-15 | 138.00 | NOTE | |||
r-release-windows-x86_64 | 3.4-15 | 203.00 | 172.00 | 375.00 | OK | |
r-oldrel-macos-arm64 | 3.4-15 | 87.00 | NOTE | |||
r-oldrel-macos-x86_64 | 3.4-15 | 107.00 | NOTE | |||
r-oldrel-windows-ix86+x86_64 | 3.4-15 | 368.00 | 169.00 | 537.00 | OK |
Version: 3.4-15
Check: installed package size
Result: NOTE
installed size is 9.8Mb
sub-directories of 1Mb or more:
data 1.4Mb
libs 7.9Mb
Flavors: r-release-macos-arm64, r-release-macos-x86_64, r-oldrel-macos-arm64, r-oldrel-macos-x86_64