Last updated on 2023-03-24 04:52:22 CET.
Flavor | Version | Tinstall | Tcheck | Ttotal | Status | Flags |
---|---|---|---|---|---|---|
r-devel-linux-x86_64-debian-clang | 1.2 | 60.41 | 277.73 | 338.14 | OK | |
r-devel-linux-x86_64-debian-gcc | 1.2 | 53.28 | 207.40 | 260.68 | OK | |
r-devel-linux-x86_64-fedora-clang | 1.2 | 488.61 | NOTE | |||
r-devel-linux-x86_64-fedora-gcc | 1.2 | 462.62 | OK | |||
r-devel-windows-x86_64 | 1.2 | 64.00 | 258.00 | 322.00 | NOTE | |
r-patched-linux-x86_64 | 1.2 | 63.92 | 247.54 | 311.46 | OK | |
r-release-linux-x86_64 | 1.2 | 50.14 | 239.85 | 289.99 | OK | |
r-release-macos-arm64 | 1.2 | 103.00 | NOTE | |||
r-release-macos-x86_64 | 1.2 | 227.00 | NOTE | |||
r-release-windows-x86_64 | 1.2 | 68.00 | 263.00 | 331.00 | NOTE | |
r-oldrel-macos-arm64 | 1.2 | 139.00 | NOTE | |||
r-oldrel-macos-x86_64 | 1.2 | 244.00 | NOTE | |||
r-oldrel-windows-ix86+x86_64 | 1.2 | 133.00 | 241.00 | 374.00 | NOTE |
Version: 1.2
Check: installed package size
Result: NOTE
installed size is 35.4Mb
sub-directories of 1Mb or more:
R 35.3Mb
Flavors: r-devel-linux-x86_64-fedora-clang, r-devel-windows-x86_64, r-release-macos-arm64, r-release-macos-x86_64, r-release-windows-x86_64, r-oldrel-macos-arm64, r-oldrel-macos-x86_64, r-oldrel-windows-ix86+x86_64