Last updated on 2023-03-28 04:52:50 CEST.
Flavor | Version | Tinstall | Tcheck | Ttotal | Status | Flags |
---|---|---|---|---|---|---|
r-devel-linux-x86_64-debian-clang | 0.1.7 | 15.66 | 82.42 | 98.08 | OK | |
r-devel-linux-x86_64-debian-gcc | 0.1.7 | 13.19 | 61.10 | 74.29 | OK | |
r-devel-linux-x86_64-fedora-clang | 0.1.7 | 136.51 | OK | |||
r-devel-linux-x86_64-fedora-gcc | 0.1.7 | 114.96 | OK | |||
r-devel-windows-x86_64 | 0.1.7 | 30.00 | 108.00 | 138.00 | OK | |
r-patched-linux-x86_64 | 0.1.7 | 16.34 | 80.03 | 96.37 | OK | |
r-release-linux-x86_64 | 0.1.7 | 13.40 | 76.69 | 90.09 | OK | |
r-release-macos-arm64 | 0.1.7 | 53.00 | OK | |||
r-release-macos-x86_64 | 0.1.7 | 59.00 | OK | |||
r-release-windows-x86_64 | 0.1.7 | 37.00 | 106.00 | 143.00 | OK | |
r-oldrel-macos-arm64 | 0.1.7 | 46.00 | OK | |||
r-oldrel-macos-x86_64 | 0.1.7 | 58.00 | OK | |||
r-oldrel-windows-ix86+x86_64 | 0.1.7 | 33.00 | 105.00 | 138.00 | NOTE |
Version: 0.1.7
Check: dependencies in R code
Result: NOTE
Initiating curl with CURL_SSL_BACKEND: openssl
Flavor: r-oldrel-windows-ix86+x86_64