Last updated on 2023-03-20 04:52:55 CET.
Flavor | Version | Tinstall | Tcheck | Ttotal | Status | Flags |
---|---|---|---|---|---|---|
r-devel-linux-x86_64-debian-clang | 1.3.0 | OK | ||||
r-devel-linux-x86_64-debian-gcc | 1.3.0 | 11.88 | 84.76 | 96.64 | OK | |
r-devel-linux-x86_64-fedora-clang | 1.3.0 | 160.23 | NOTE | |||
r-devel-linux-x86_64-fedora-gcc | 1.3.0 | 152.92 | OK | |||
r-devel-windows-x86_64 | 1.3.0 | 70.00 | 145.00 | 215.00 | OK | |
r-patched-linux-x86_64 | 1.3.0 | 13.59 | 108.26 | 121.85 | OK | |
r-release-linux-x86_64 | 1.3.0 | 9.78 | 110.24 | 120.02 | OK | |
r-release-macos-arm64 | 1.3.0 | 46.00 | OK | |||
r-release-macos-x86_64 | 1.3.0 | 81.00 | OK | |||
r-release-windows-x86_64 | 1.3.0 | 39.00 | 165.00 | 204.00 | OK | |
r-oldrel-macos-arm64 | 1.3.0 | 47.00 | OK | |||
r-oldrel-macos-x86_64 | 1.3.0 | 82.00 | OK | |||
r-oldrel-windows-ix86+x86_64 | 1.3.0 | 31.00 | 171.00 | 202.00 | NOTE |
Version: 1.3.0
Check: package dependencies
Result: NOTE
Imports includes 21 non-default packages.
Importing from so many packages makes the package vulnerable to any of
them becoming unavailable. Move as many as possible to Suggests and
use conditionally.
Flavor: r-devel-linux-x86_64-fedora-clang
Version: 1.3.0
Check: R code for possible problems
Result: NOTE
Initiating curl with CURL_SSL_BACKEND: openssl
Flavor: r-oldrel-windows-ix86+x86_64