Last updated on 2023-03-30 04:55:02 CEST.
Flavor | Version | Tinstall | Tcheck | Ttotal | Status | Flags |
---|---|---|---|---|---|---|
r-devel-linux-x86_64-debian-clang | 2.1 | 78.62 | 63.20 | 141.82 | NOTE | |
r-devel-linux-x86_64-debian-gcc | 2.1 | 64.63 | 47.96 | 112.59 | NOTE | |
r-devel-linux-x86_64-fedora-clang | 2.1 | 219.49 | NOTE | |||
r-devel-linux-x86_64-fedora-gcc | 2.1 | 205.41 | NOTE | |||
r-devel-windows-x86_64 | 2.1 | 382.00 | 139.00 | 521.00 | NOTE | |
r-patched-linux-x86_64 | 2.1 | 73.06 | 59.68 | 132.74 | NOTE | |
r-release-linux-x86_64 | 2.1 | 66.24 | 61.42 | 127.66 | NOTE | |
r-release-macos-arm64 | 2.1 | 71.00 | NOTE | |||
r-release-macos-x86_64 | 2.1 | 88.00 | NOTE | |||
r-release-windows-x86_64 | 2.1 | 233.00 | 131.00 | 364.00 | NOTE | |
r-oldrel-macos-arm64 | 2.1 | 83.00 | NOTE | |||
r-oldrel-macos-x86_64 | 2.1 | 97.00 | NOTE | |||
r-oldrel-windows-ix86+x86_64 | 2.1 | 198.00 | 166.00 | 364.00 | NOTE |
Version: 2.1
Check: LazyData
Result: NOTE
'LazyData' is specified without a 'data' directory
Flavors: r-devel-linux-x86_64-debian-clang, r-devel-linux-x86_64-debian-gcc, r-devel-linux-x86_64-fedora-clang, r-devel-linux-x86_64-fedora-gcc, r-devel-windows-x86_64, r-patched-linux-x86_64, r-release-linux-x86_64, r-release-macos-arm64, r-release-macos-x86_64, r-release-windows-x86_64, r-oldrel-macos-arm64, r-oldrel-macos-x86_64, r-oldrel-windows-ix86+x86_64
Version: 2.1
Check: installed package size
Result: NOTE
installed size is 5.0Mb
sub-directories of 1Mb or more:
libs 4.0Mb
Flavor: r-oldrel-macos-arm64